 to base 15
-d
Convert 1 (base 3) to base 14.
1
Convert 12 (base 6) to base 9.
8
9 (base 16) to base 13
9
-111000 (base 2) to base 4
-320
What is -120 (base 4) in base 10?
-24
Convert -b (base 16) to base 5.
-21
What is -112 (base 11) in base 14?
-98
What is 193 (base 11) in base 2?
11011111
What is 1 (base 7) in base 5?
1
What is 110112 (base 3) in base 8?
522
Convert -2 (base 6) to base 3.
-2
What is 4 (base 9) in base 5?
4
What is 121 (base 3) in base 13?
13
Convert 103 (base 8) to base 5.
232
7 (base 14) to base 2
111
What is 16 (base 8) in base 14?
10
Convert 1120 (base 5) to base 14.
b6
What is 1 (base 5) in base 15?
1
Convert 0 (base 2) to base 7.
0
103 (base 8) to base 11
61
Convert 4 (base 9) to base 4.
10
What is -124 (base 5) in base 11?
-36
Convert -20 (base 12) to base 4.
-120
Convert -1101100 (base 2) to base 12.
-90
Convert -101 (base 7) to base 15.
-35
What is d (base 16) in base 11?
12
-2 (base 11) to base 12
-2
Convert 10 (base 3) to base 4.
3
Convert -6 (base 10) to base 14.
-6
Convert -1 (base 3) to base 14.
-1
-2 (base 10) to base 2
-10
Convert -3 (base 8) to base 2.
-11
71 (base 14) to base 10
99
22 (base 3) to base 11
8
What is 47 (base 15) in base 10?
67
-11 (base 5) to base 15
-6
What is 4 (base 14) in base 6?
4
Convert -1 (base 4) to base 6.
-1
What is -112 (base 4) in base 13?
-19
-64 (base 15) to base 13
-73
What is 3 (base 9) in base 4?
3
-401 (base 7) to base 4
-3011
Convert -7 (base 13) to base 15.
-7
Convert -2022 (base 3) to base 6.
-142
Convert -11 (base 3) to base 13.
-4
0 (base 11) to base 9
0
-2 (base 5) to base 9
-2
-4c (base 16) to base 15
-51
Convert 40 (base 11) to base 12.
38
Convert -4 (base 13) to base 2.
-100
What is -8 (base 16) in base 10?
-8
-1 (base 12) to base 9
-1
What is -15 (base 11) in base 13?
-13
What is -20100 (base 3) in base 9?
-210
-28 (base 9) to base 4
-122
What is a (base 14) in base 5?
20
Convert -16 (base 13) to base 12.
-17
What is 13 (base 13) in base 9?
17
-1134 (base 5) to base 3
-20021
What is 8 (base 14) in base 3?
22
What is 3 (base 10) in base 14?
3
-102212 (base 3) to base 2
-101000000
What is 0 (base 9) in base 10?
0
Convert -10 (base 3) to base 11.
-3
What is 115 (base 6) in base 8?
57
330 (base 7) to base 5
1133
What is -31 (base 12) in base 9?
-41
Convert -2 (base 3) to base 10.
-2
Convert 110011 (base 2) to base 10.
51
What is 11 (base 6) in base 8?
7
-112 (base 3) to base 7
-20
-11 (base 12) to base 14
-d
What is -73 (base 14) in base 11?
-92
Convert -10 (base 3) to base 14.
-3
What is -9 (base 12) in base 11?
-9
What is -5 (base 16) in base 7?
-5
What is 41 (base 6) in base 12?
21
22 (base 5) to base 4
30
Convert -2230 (base 4) to base 16.
-ac
What is -1 (base 7) in base 12?
-1
What is -2 (base 5) in base 4?
-2
What is 0 (base 13) in base 4?
0
Convert -7 (base 11) to base 4.
-13
Convert b0 (base 14) to base 12.
10a
Convert 2010 (base 3) to base 12.
49
Convert 20 (base 11) to base 12.
1a
What is 1 (base 12) in base 3?
1
-17 (base 11) to base 3
-200
Convert -121 (base 3) to base 11.
-15
Convert e (base 15) to base 12.
12
-6 (base 8) to base 2
-110
Convert 103 (base 4) to base 2.
10011
What is 255 (base 7) in base 14?
9c
Convert -1a (base 11) to base 13.
-18
Convert 12 (base 5) to base 8.
7
Convert -2 (base 5) to base 11.
-2
Convert 312 (base 5) to base 4.
1102
-2 (base 11) to base 9
-2
What is 2 (base 10) in base 13?
2
224 (base 13) to base 15
198
Convert a (base 16) to base 6.
14
What is -1 (base 6) in base 11?
-1
Convert -5 (base 9) to base 10.
-5
Convert -2b (base 14) to base 5.
-124
Convert -13 (base 7) to base 12.
-a
-3 (base 8) to base 4
-3
Convert -1003 (base 4) to base 13.
-52
-321 (base 6) to base 4
-1321
36 (base 16) to base 12
46
100 (base 3) to base 2
1001
-7 (base 8) to base 12
-7
10 (base 3) to base 14
3
Convert 66 (base 11) to base 16.
48
-10000101 (base 2) to base 5
-1013
24 (base 16) to base 2
100100
-10 (base 12) to base 4
-30
101 (base 2) to base 10
5
Convert 1 (base 14) to base 9.
1
What is 21202 (base 3) in base 15?
de
Convert 20 (base 3) to base 8.
6
What is -d (base 14) in base 3?
-111
-4 (base 8) to base 11
-4
-31 (base 14) to base 8
-53
What is -2 (base 14) in base 4?
-2
What is -e2 (base 16) in base 10?
-226
Convert 11 (base 10) to base 7.
14
What is -3 (base 13) in base 14?
-3
What is 24 (base 13) in base 10?
30
Convert -10 (base 3) to base 14.
-3
Convert 103 (base 14) to base 13.
124
-3 (base 9) to base 13
-3
Convert 9 (base 11) to base 10.
9
What is -d (base 14) in base 4?
-31
What is 12 (base 10) in base 16?
c
-1 (base 11) to base 10
-1
-9 (base 13) to base 10
-9
What is -224 (base 9) in base 11?
-158
What is -271 (base 9) in base 13?
-145
Convert -12 (base 6) to base 11.
-8
Convert -70 (base 9) to base 6.
-143
What is -121 (base 5) in base 16?
-24
Convert 71 (base 16) to base 10.
113
1 (base 10) to base 8
1
What is 2 (base 4) in base 12?
2
Convert 1111 (base 2) to base 14.
11
Convert -3 (base 8) to base 11.
-3
-200 (base 3) to base 14
-14
What is -2 (base 7) in base 2?
-10
What is -4 (base 13) in base 6?
-4
Convert 200 (base 3) to base 5.
33
What is -1b (base 14) in base 13?
-1c
Convert -8 (base 10) to base 13.
-8
3 (base 10) to base 14
3
What is 63 (base 10) in base 3?
2100
Convert 11 (base 4) to base 2.
101
Convert -50 (base 9) to base 4.
-231
What is -245 (base 6) in base 5?
-401
Convert -31 (base 5) to base 15.
-11
Convert -1 (base 15) to base 6.
-1
Convert 101 (base 3) to base 10.
10
23 (base 4) to base 15
b
What is 211 (base 3) in base 8?
26
Convert 3 (base 6) to base 12.
3
-103 (base 4) to base 9
-21
Convert -1a (base 12) to base 7.
-31
Convert 23 (base 13) to base 2.
11101
What is -21 (base 16) in base 2?
-100001
What is 24 (base 7) in base 15?
13
What is 1332 (base 6) in base 4?
11120
What is 13 (base 6) in base 2?
1001
10000 (base 2) to base 14
12
What is -3 (base 15) in base 11?
-3
-1 (base 10) to base 9
-1
Convert b5 (base 14) to base 13.
c3
Convert -40 (base 9) to base 10.
-36
Convert -38 (base 13) to base 16.
-2f
What is 5 (base 14) in base 15?
5
Convert -3 (base 13) to base 14.
-3
-50 (base 8) to base 4
-220
8 (base 16) to base 13
8
0 (base 12) to base 10
0
Convert 11 (base 2) to base 8.
3
What is -2 (base 8) in base 4?
-2
13 (base 9) to base 13
c
6 (base 13) to base 6
10
Convert 33 (base 10) to base 16.
21
Convert 1 (base 11) to base 2.
1
-26 (base 13) to base 4
-200
Convert 10a (base 15) to base 10.
235
Convert 235 (base 9) to base 14.
dc
Convert 5 (base 9) to base 3.
12
What is 1 (base 15) in base 3?
1
Convert -59 (base 10) to base 16.
-3b
Convert 73 (base 9) to base 10.
66
-4 (base 8) to base 14
-4
What is 31 (base 5) in base 15?
11
-2a (base 14) to base 7
-53
What is 0 (base 13) in base 14?
0
What is 32 (base 5) in base 13?
14
-6 (base 13) to base 4
-12
What is 2 (base 9) in base 7?
2
Convert 6 (base 14) to base 8.
6
What is -5 (base 15) in base 8?
-5
-20 (base 15) to base 13
-24
Convert 3 (base 7) to base 11.
3
What is -67 (base 8) in base 7?
-106
Convert 8 (base 10) to base 7.
11
What is 3 (base 11) in base 12?
3
What is -3 (base 6) in base 13?
-3
Convert -42 (base 15) to base 6.
-142
14 (base 9) to base 4
31
-10110 (base 2) to base 9
-24
What is -1 (base 15) in base 10?
-1
-12 (base 10) to base 2
-1100
What is 1210 (base 3) in base 6?
120
What is -1 (base 6) in base 12?
-1
Convert 0 (base 8) to base 5.
0
What is -5 (base 12) in base 5?
-10
What is -4 (base 12) in base 16?
-4
What is -86 (base 10) in base 7?
-152
Convert -1 (base 10) to base 8.
-1
Convert 10 (base 4) to base 12.
4
What is -44 (base 5) in base 3?
-220
Convert -1 (base 11) to base 15.
-1
What is 1 (base 14) in base 16?
1
Convert 1 (base 9) to base 8.
1
What is -111 (base 3) in base 14?
-d
Convert 30 (base 4) to base 15.
c
Convert 163 (base 10) to base 6.
431
120 (base 3) to base 10
15
11 (base 2) to base 14
3
-23 (base 4) to base 10
-11
22 (base 3) to base 5
13
Convert -23 (base 14) to base 7.
-43
-20 (base 4) to base 9
-8
What is -3 (base 14) in base 9?
-3
-25 (base 14) to base 5
-113
Convert 1 (base 12) to base 4.
1
What is 0 (base 9) in base 7?
0
-8 (base 12) to base 13
-8
What is -2 (base 9) in base 3?
-2
Convert 51 (base 14) to base 15.
4b
What is 25 (base 10) in base 7?
34
Convert 431 (base 7) to base 10.
218
What is -31 (base 14) in base